at is the units digit of 23899880?
0
What is the tens digit of 148305537?
3
What is the thousands digit of 1133374153?
4
What is the ten millions digit of 6183690290?
8
What is the millions digit of 889884010?
9
What is the thousands digit of 1860928169?
8
What is the tens digit of 733423841?
4
What is the ten thousands digit of 101641118?
4
What is the millions digit of 39922567?
9
What is the ten thousands digit of 9053065?
5
What is the hundred millions digit of 660173923?
6
What is the ten thousands digit of 56624618?
2
What is the ten millions digit of 181147437?
8
What is the units digit of 38844935?
5
What is the tens digit of 4758440120?
2
What is the hundreds digit of 734638327?
3
What is the hundred thousands digit of 21536894?
5
What is the hundred thousands digit of 681183280?
1
What is the ten millions digit of 51973208?
5
What is the ten thousands digit of 9189581?
8
What is the hundreds digit of 1095791?
7
What is the millions digit of 1463712950?
3
What is the millions digit of 60383457?
0
What is the tens digit of 491242068?
6
What is the tens digit of 138506289?
8
What is the hundred thousands digit of 689118800?
1
What is the millions digit of 11541890?
1
What is the thousands digit of 767853503?
3
What is the units digit of 671072902?
2
What is the millions digit of 613019512?
3
What is the hundred millions digit of 586677637?
5
What is the units digit of 107558290?
0
What is the tens digit of 7651141444?
4
What is the tens digit of 197180?
8
What is the hundred millions digit of 1631817305?
6
What is the ten thousands digit of 1011916838?
1
What is the ten millions digit of 31231950?
3
What is the millions digit of 107485905?
7
What is the units digit of 116241490?
0
What is the tens digit of 181993089?
8
What is the hundred thousands digit of 183629342?
6
What is the units digit of 600861941?
1
What is the hundred thousands digit of 17578575?
5
What is the hundreds digit of 5714830772?
7
What is the thousands digit of 1305260187?
0
What is the hundreds digit of 433346856?
8
What is the units digit of 346814522?
2
What is the hundreds digit of 1612199846?
8
What is the units digit of 6141592?
2
What is the hundred thousands digit of 63378241?
3
What is the hundred millions digit of 490132467?
4
What is the hundred thousands digit of 34841142?
8
What is the ten millions digit of 255445294?
5
What is the ten thousands digit of 53971874?
7
What is the millions digit of 347736687?
7
What is the units digit of 6100737647?
7
What is the hundreds digit of 1087351547?
5
What is the hundred thousands digit of 34154370?
1
What is the units digit of 353315962?
2
What is the thousands digit of 4109582340?
2
What is the hundred thousands digit of 452175546?
1
What is the ten millions digit of 12986816?
1
What is the millions digit of 341201686?
1
What is the thousands digit of 113690164?
0
What is the hundred millions digit of 315365976?
3
What is the hundreds digit of 4479949186?
1
What is the units digit of 2246411263?
3
What is the units digit of 487386800?
0
What is the hundred millions digit of 167967459?
1
What is the ten thousands digit of 36879687?
7
What is the ten millions digit of 3522857486?
2
What is the hundred millions digit of 1226786389?
2
What is the thousands digit of 41670426?
0
What is the hundred thousands digit of 877538943?
5
What is the ten thousands digit of 209748039?
4
What is the millions digit of 426755701?
6
What is the millions digit of 61152722?
1
What is the ten millions digit of 88412005?
8
What is the hundreds digit of 677921131?
1
What is the millions digit of 70051336?
0
What is the ten millions digit of 502003007?
0
What is the hundreds digit of 14187912?
9
What is the billions digit of 1642333213?
1
What is the ten thousands digit of 144663015?
6
What is the hundred millions digit of 200708218?
2
What is the thousands digit of 31082167?
2
What is the ten millions digit of 404364428?
0
What is the hundred thousands digit of 3196254251?
2
What is the thousands digit of 2794400408?
0
What is the units digit of 2359214385?
5
What is the millions digit of 2023937469?
3
What is the thousands digit of 2184626554?
6
What is the ten thousands digit of 121250740?
5
What is the billions digit of 1205552390?
1
What is the billions digit of 3044869884?
3
What is the units digit of 43090539?
9
What is the ten thousands digit of 26633287?
3
What is the millions digit of 197331334?
7
What is the units digit of 238793346?
6
What is the ten millions digit of 852400822?
5
What is the millions digit of 62813211?
2
What is the hundreds digit of 1523292668?
6
What is the hundred thousands digit of 432182227?
1
What is the units digit of 118873321?
1
What is the ten millions digit of 701021161?
0
What is the ten thousands digit of 1373737593?
3
What is the ten thousands digit of 739044931?
4
What is the ten millions digit of 450398132?
5
What is the tens digit of 98057691?
9
What is the hundred thousands digit of 79443194?
4
What is the tens digit of 45220717?
1
What is the millions digit of 192328711?
2
What is the units digit of 7053190?
0
What is the hundreds digit of 1672620340?
3
What is the units digit of 5147943?
3
What is the hundred thousands digit of 2766758275?
7
What is the hundred thousands digit of 142746675?
7
What is the ten thousands digit of 43590471?
9
What is the ten millions digit of 407829487?
0
What is the millions digit of 2099089015?
9
What is the tens digit of 1793538412?
1
What is the ten thousands digit of 253832743?
3
What is the hundred millions digit of 178234283?
1
What is the thousands digit of 1065373487?
3
What is the units digit of 243497090?
0
What is the hundred thousands digit of 626783098?
7
What is the units digit of 1751771883?
3
What is the ten thousands digit of 4626836973?
3
What is the units digit of 1192030435?
5
What is the hundreds digit of 44531699?
6
What is the hundred thousands digit of 34816427?
8
What is the units digit of 3130377437?
7
What is the hundred millions digit of 158745459?
1
What is the thousands digit of 122547765?
7
What is the millions digit of 3466469925?
6
What is the hundred millions digit of 108557831?
1
What is the hundreds digit of 2446474509?
5
What is the millions digit of 358365430?
8
What is the hundred thousands digit of 822243453?
2
What is the ten millions digit of 32820548?
3
What is the hundred thousands digit of 957325294?
3
What is the tens digit of 3999845499?
9
What is the ten thousands digit of 216778605?
7
What is the millions digit of 169668587?
9
What is the hundred millions digit of 196583257?
1
What is the thousands digit of 1801355816?
5
What is the billions digit of 1031246741?
1
What is the hundreds digit of 926056848?
8
What is the hundred thousands digit of 821020216?
0
What is the millions digit of 1272142?
1
What is the hundreds digit of 790533290?
2
What is the units digit of 1863860839?
9
What is the ten thousands digit of 38618767?
1
What is the hundreds digit of 1821053267?
2
What is the ten thousands digit of 66480557?
8
What is the tens digit of 27107143?
4
What is the ten millions digit of 1638778920?
3
What is the hundreds digit of 21722733?
7
What is the hundred millions digit of 2091219724?
0
What is the thousands digit of 67823863?
3
What is the units digit of 160601755?
5
What is the thousands digit of 111190747?
0
What is the thousands digit of 25781274?
1
What is the hundreds digit of 93760102?
1
What is the tens digit of 78696558?
5
What is the millions digit of 7855042257?
5
What is the thousands digit of 269339366?
9
What is the hundred millions digit of 7690066091?
6
What is the hundred millions digit of 103372934?
1
What is the ten thousands digit of 434213390?
1
What is the millions digit of 10827766?
0
What is the thousands digit of 39940051?
0
What is the tens digit of 1102070310?
1
What is the units digit of 63553309?
9
What is the millions digit of 24192760?
4
What is the hundred thousands digit of 432499962?
4
What is the ten millions digit of 23282438?
2
What is the ten millions digit of 22878956?
2
What is the units digit of 98416568?
8
What is the hundred thousands digit of 147145636?
1
What is the thousands digit of 104829808?
9
What is the billions digit of 1422323871?
1
What is the h